{"id":209,"date":"2012-10-26T11:04:51","date_gmt":"2012-10-26T11:04:51","guid":{"rendered":"http:\/\/gam.webs.upv.es\/?page_id=209"},"modified":"2012-11-15T17:47:12","modified_gmt":"2012-11-15T17:47:12","slug":"stefano-sirci","status":"publish","type":"page","link":"https:\/\/gam.webs.upv.es\/index.php\/personal-en-investigacion-pi\/stefano-sirci\/?lang=es","title":{"rendered":"Stefano Sirci"},"content":{"rendered":"<p><\/p>\n<p style=\"text-align: justify;\"><a href=\"http:\/\/gam.webs.upv.es\/wp-content\/uploads\/stefano_sirci.jpg\" rel=\"lightbox[209]\"><img loading=\"lazy\" decoding=\"async\" class=\"alignleft size-full wp-image-138\" title=\"stefano_sirci\" src=\"http:\/\/gam.webs.upv.es\/wp-content\/uploads\/stefano_sirci.jpg\" alt=\"\" width=\"150\" height=\"150\" \/><\/a>Stefano Sirci naci\u00f3 en Torino, Italia. Recibi\u00f3 el t\u00edtulo de Ingeniero de la Informaci\u00f3n en 2006 y de Ingeniero Superior de Electr\u00f3nica en 2009 por la Universit\u00e1 degli Studi di Perugia. En 2009, en el marco del programa de intercambio europeo Erasmus, realiz\u00f3 el proyecto fin de carrera en la Universitat Polit\u00e8cnica de Val\u00e8ncia. Desde 2009, est\u00e1 trabajando como becario de investigaci\u00f3n del Grupo de Aplicaciones de Microondas (GAM), en el Instituto de Investigaci\u00f3n de Telecomunicaciones y Aplicaciones Multimedia (iTEAM), gracias al programa de formaci\u00f3n de personal investigador Santiago Grisolia, con el objetivo de recibir el t\u00edtulo de Doctor Ingeniero de Telecomunicaci\u00f3n por la Universitat Polit\u00e8cnica de Val\u00e8ncia. Ha realizado en el curso 2010-2011 \u201cMaster en Ingenier\u00eda de Sistemas Electr\u00f3nicos\u00bb por la UPV. En 2011, realiz\u00f3 una estancia de 3 meses en el Centre National de la Recherche Scientifique de la Universit\u00e9 de Limoges en Limoges, Francia, donde se centr\u00f3 en el desarrollo y dise\u00f1o de filtros paso-banda sintonizables de forma discreta mediante capacidades conmutadas RF-MEMS. Sus actuales intereses de investigaci\u00f3n se centran en el dise\u00f1o CAD y fabricaci\u00f3n de filtros paso-banda reconfigurables, tanto en modo continuo como discreto, basados en la\u00a0 tecnolog\u00eda de gu\u00eda de onda integrada en substrato (SIW).<\/p>\n<p><\/p>","protected":false},"excerpt":{"rendered":"<p>Stefano Sirci naci\u00f3 en Torino, Italia. Recibi\u00f3 el t\u00edtulo de Ingeniero de la Informaci\u00f3n en 2006 y de Ingeniero Superior de Electr\u00f3nica en 2009 por la Universit\u00e1 degli Studi di Perugia. En 2009, en el marco del programa de intercambio &hellip;<\/p>\n<p class=\"read-more\"> <a class=\"more-link\" href=\"https:\/\/gam.webs.upv.es\/index.php\/personal-en-investigacion-pi\/stefano-sirci\/?lang=es\"> <span class=\"screen-reader-text\">Stefano Sirci<\/span> Leer m\u00e1s \u00bb<\/a><\/p>\n","protected":false},"author":5,"featured_media":0,"parent":64,"menu_order":0,"comment_status":"closed","ping_status":"closed","template":"full-width-page.php","meta":{"footnotes":""},"class_list":["post-209","page","type-page","status-publish","hentry"],"_links":{"self":[{"href":"https:\/\/gam.webs.upv.es\/index.php\/wp-json\/wp\/v2\/pages\/209","targetHints":{"allow":["GET"]}}],"collection":[{"href":"https:\/\/gam.webs.upv.es\/index.php\/wp-json\/wp\/v2\/pages"}],"about":[{"href":"https:\/\/gam.webs.upv.es\/index.php\/wp-json\/wp\/v2\/types\/page"}],"author":[{"embeddable":true,"href":"https:\/\/gam.webs.upv.es\/index.php\/wp-json\/wp\/v2\/users\/5"}],"replies":[{"embeddable":true,"href":"https:\/\/gam.webs.upv.es\/index.php\/wp-json\/wp\/v2\/comments?post=209"}],"version-history":[{"count":3,"href":"https:\/\/gam.webs.upv.es\/index.php\/wp-json\/wp\/v2\/pages\/209\/revisions"}],"predecessor-version":[{"id":752,"href":"https:\/\/gam.webs.upv.es\/index.php\/wp-json\/wp\/v2\/pages\/209\/revisions\/752"}],"up":[{"embeddable":true,"href":"https:\/\/gam.webs.upv.es\/index.php\/wp-json\/wp\/v2\/pages\/64"}],"wp:attachment":[{"href":"https:\/\/gam.webs.upv.es\/index.php\/wp-json\/wp\/v2\/media?parent=209"}],"curies":[{"name":"wp","href":"https:\/\/api.w.org\/{rel}","templated":true}]}}