{"id":1591,"date":"2023-10-18T10:40:09","date_gmt":"2023-10-18T10:40:09","guid":{"rendered":"https:\/\/gam.webs.upv.es\/?page_id=1591"},"modified":"2026-03-22T11:56:47","modified_gmt":"2026-03-22T11:56:47","slug":"mini-plataforma-de-satelite-de-altas-prestaciones-computacionales-para-aplicaciones-de-inteligencia-artificial-en-el-borde-edge-ai-desde-el-espacio","status":"publish","type":"page","link":"https:\/\/gam.webs.upv.es\/index.php\/proyectos\/proyectos-vigentes\/mini-plataforma-de-satelite-de-altas-prestaciones-computacionales-para-aplicaciones-de-inteligencia-artificial-en-el-borde-edge-ai-desde-el-espacio\/?lang=es","title":{"rendered":"MINI-PLATAFORMA DE SAT\u00c9LITE DE ALTAS PRESTACIONES COMPUTACIONALES PARA APLICACIONES DE INTELIGENCIA ARTIFICIAL EN EL BORDE (EDGE AI) DESDE EL ESPACIO"},"content":{"rendered":"<p><strong>T\u00edtulo del proyecto:<\/strong> Mini-plataforma de sat\u00e9lite de altas prestaciones computacionales para aplicaciones de inteligencia artificial en el borde (Edge AI) desde el espacio<br \/>\n<strong>Acr\u00f3nimo:<\/strong> EdgeAISat<br \/>\n<strong>Ref:<\/strong> INNEST\/2023\/180<br \/>\n<strong>Entidades participantes:<\/strong> <a href=\"https:\/\/www.iteam.upv.es\">I.I.U. de Telecomunicaciones y Aplicaciones Multimedia (ITEAM) de la Universidad Polit\u00e9cnica de Valencia (UPV)<\/a>, <a href=\"https:\/\/www.umh.es\/contenido\/Estudios\/:uor_4269\/datos_es.html\">Dpto. de Ingenier\u00eda de Comunicaciones de la Universidad Miguel Hern\u00e1ndez de Elche (UMH)<\/a> y<a href=\"https:\/\/www.emxys.com\/\"> EmbEddEd Instruments and Systems S.L.<\/a>.<br \/>\n<strong>Duraci\u00f3n:<\/strong>20\/04\/2023-31\/12\/2025<br \/>\n<strong>Investigador responsable:<\/strong> Dr. Vicente E. Boria Esbert<\/p>\n<p><strong>Breve Descripci\u00f3n del Proyecto:<\/strong>\u00a0 La posibilidad de tratamiento de datos en \u00f3rbita por parte de plataformas de sat\u00e9lite que utilizan inteligencia artificial avanzada (Edge AI) permite la r\u00e1pida identificaci\u00f3n de cambios (cat\u00e1strofes naturales, por ejemplo) e informaci\u00f3n importante que deba ser transmitida y, por otra parte, la discriminaci\u00f3n de otros tipos de datos menos relevantes, reduciendo as\u00ed la carga de comunicaci\u00f3n necesaria y su posterior procesamiento en Tierra.\u00a0Esto se traduce en una optimizaci\u00f3n de las comunicaciones en tiempo real y, b\u00e1sicamente, en una reducci\u00f3n del tiempo de reacci\u00f3n.<\/p>\n<p><strong>Objeto y finalidad del proyecto: <\/strong> El objetivo general de este proyecto estrat\u00e9gico de cooperaci\u00f3n consiste en el desarrollo de una plataforma de minisat\u00e9lite (smallsat) y la implementaci\u00f3n de un demostrador, en el rango de los 50 \u2013 75 kg de peso, orientado a la implementaci\u00f3n de aplicaciones de inteligencia artificial avanzada (Edge AI) enfocadas al tratamiento de im\u00e1genes de la superficie terrestre desde \u00f3rbita baja (de 400 km a 1.000 km de altura). Los principales retos a los que nos enfrentamos, y en torno a los cuales est\u00e1n orientadas las tareas de ejecuci\u00f3n del proyecto, consisten en lograr:<\/p>\n<ul>\n<li>Un sistema de 100 W de potencia media, compuesto por paneles solares, sistema de almacenamiento, gesti\u00f3n y distribuci\u00f3n de la energ\u00eda para alimentar todos los subsistemas.<\/li>\n<li>Un propulsor de agua sin dep\u00f3sito, compuesto por un sistema electroqu\u00edmico que electroliza el agua en H<sub>2<\/sub> y O<sub>2<\/sub> gaseosos usados como combustible.<\/li>\n<li>Un sistema de comunicaciones en banda X (8-10 GHz) compuesto por transceptor y antena, de reducidas dimensiones y bajo consumo.<\/li>\n<li>Un ordenador de altas prestaciones para implementar aplicaciones Data-Intensive, es decir, de alto rendimiento, como una aplicaci\u00f3n de Inteligencia Artificial (AI).<\/li>\n<li>Una c\u00e1mara de observaci\u00f3n de la Tierra.<\/li>\n<\/ul>\n<p><strong> Resultados m\u00e1s relevantes del GAM ITEAM-UPV: Sub-Sistema de Comunicaciones en banda X. <\/strong><\/p>\n<p>Desde el GAM ITEAM -UPV se trabaj\u00f3 en el desarrollo completo de un subsistema de comunicaciones, compuesto por un SDR, una FPGA y software de vuelo que integra DVB-S2. Se dise\u00f1\u00f3 un <em>front-end<\/em> que realiza una conversi\u00f3n de IF (1.5GHz) a banda X (8GHz) y amplifica la se\u00f1al para emitir con 4W de potencia. Este <em>front-end <\/em>se integr\u00f3 junto con una antena planar de muy bajo perfil, tambi\u00e9n desarrollada para funcionar junto con el subsistema de comunicaciones. Por \u00faltimo, con el objetivo de cumplir con la normativa de la DSN (Deep Space Network) y evitar toda se\u00f1al que pueda interferir con dichas comunicaciones, se dise\u00f1\u00f3 un filtro de gu\u00eda de ondas muy compacto.<\/p>\n<ul>\n<li>Prestaciones m\u00e1s releventes:\n<ul>\n<li>Velocidad de transmisi\u00f3n: <strong>hasta 100 Mbps<\/strong>.<\/li>\n<li>Baja potencia y tama\u00f1o reducido (compatible con smallsats).<\/li>\n<\/ul>\n<\/li>\n<li>Innovaciones t\u00e9cnicas m\u00e1s relevantes:\n<ul>\n<li>Arquitectura SDR flexible.<\/li>\n<li>Implementaci\u00f3n de la pila completa de protocolos de comunicaci\u00f3n desde la capa f\u00edsica hasta la de aplicaci\u00f3n (DVB-S2,IP, UDP).<\/li>\n<li>Filtro DSN en gu\u00eda de ondas plegada para cumplir la normativa de la\u00a0 ITU.<\/li>\n<li>Antena planar de bajo perfil y polarizaci\u00f3n circular con array 2*2 (~12 dBi).<\/li>\n<\/ul>\n<\/li>\n<\/ul>\n<p>&nbsp;<\/p>\n<table class=\"aligncenter\" style=\"width: 823px;\" border=\"0\" align=\"center\">\n<tbody>\n<tr>\n<td style=\"width: 823px;\"><img loading=\"lazy\" decoding=\"async\" class=\"aligncenter wp-image-1689 size-full\" src=\"https:\/\/gam.webs.upv.es\/wp-content\/uploads\/figura1_Diagrama_bloques_subsistemaBandaX.png\" alt=\"\" width=\"567\" height=\"207\" srcset=\"https:\/\/gam.webs.upv.es\/wp-content\/uploads\/figura1_Diagrama_bloques_subsistemaBandaX.png 567w, https:\/\/gam.webs.upv.es\/wp-content\/uploads\/figura1_Diagrama_bloques_subsistemaBandaX-300x110.png 300w, https:\/\/gam.webs.upv.es\/wp-content\/uploads\/figura1_Diagrama_bloques_subsistemaBandaX-250x91.png 250w, https:\/\/gam.webs.upv.es\/wp-content\/uploads\/figura1_Diagrama_bloques_subsistemaBandaX-100x37.png 100w, https:\/\/gam.webs.upv.es\/wp-content\/uploads\/figura1_Diagrama_bloques_subsistemaBandaX-150x55.png 150w, https:\/\/gam.webs.upv.es\/wp-content\/uploads\/figura1_Diagrama_bloques_subsistemaBandaX-200x73.png 200w, https:\/\/gam.webs.upv.es\/wp-content\/uploads\/figura1_Diagrama_bloques_subsistemaBandaX-450x164.png 450w\" sizes=\"auto, (max-width: 567px) 100vw, 567px\" \/><\/td>\n<\/tr>\n<tr>\n<td><center>Diagrama de bloques del subsistema de comunicaciones en banda X<\/center><\/td>\n<\/tr>\n<\/tbody>\n<\/table>\n<p>&nbsp;<\/p>\n<table class=\"aligncenter\" style=\"width: 823px;\" border=\"0\" align=\"center\">\n<tbody>\n<tr>\n<td style=\"width: 823px;\"><img loading=\"lazy\" decoding=\"async\" class=\"aligncenter wp-image-1692 size-full\" src=\"https:\/\/gam.webs.upv.es\/wp-content\/uploads\/modulo_subsistemaRF.png\" alt=\"\" width=\"478\" height=\"377\" srcset=\"https:\/\/gam.webs.upv.es\/wp-content\/uploads\/modulo_subsistemaRF.png 478w, https:\/\/gam.webs.upv.es\/wp-content\/uploads\/modulo_subsistemaRF-300x237.png 300w, https:\/\/gam.webs.upv.es\/wp-content\/uploads\/modulo_subsistemaRF-250x197.png 250w, https:\/\/gam.webs.upv.es\/wp-content\/uploads\/modulo_subsistemaRF-100x79.png 100w, https:\/\/gam.webs.upv.es\/wp-content\/uploads\/modulo_subsistemaRF-150x118.png 150w, https:\/\/gam.webs.upv.es\/wp-content\/uploads\/modulo_subsistemaRF-200x158.png 200w, https:\/\/gam.webs.upv.es\/wp-content\/uploads\/modulo_subsistemaRF-450x355.png 450w\" sizes=\"auto, (max-width: 478px) 100vw, 478px\" \/><\/td>\n<\/tr>\n<tr>\n<td><center>Fotograf\u00eda del m\u00f3dulo del subsistema de RF que incluye procesador, transmisor SDR y filtro de frecuencia intermedia IF<\/center><\/td>\n<\/tr>\n<\/tbody>\n<\/table>\n<p>&nbsp;<\/p>\n<table class=\"aligncenter\" style=\"width: 823px;\" border=\"0\" align=\"center\">\n<tbody>\n<tr>\n<td style=\"width: 400px;\"><img loading=\"lazy\" decoding=\"async\" class=\"aligncenter size-full wp-image-1686\" src=\"https:\/\/gam.webs.upv.es\/wp-content\/uploads\/fig3a_Subsistemaup.png\" alt=\"\" width=\"400\" height=\"306\" srcset=\"https:\/\/gam.webs.upv.es\/wp-content\/uploads\/fig3a_Subsistemaup.png 225w, https:\/\/gam.webs.upv.es\/wp-content\/uploads\/fig3a_Subsistemaup-100x76.png 100w, https:\/\/gam.webs.upv.es\/wp-content\/uploads\/fig3a_Subsistemaup-150x115.png 150w, https:\/\/gam.webs.upv.es\/wp-content\/uploads\/fig3a_Subsistemaup-200x153.png 200w\" sizes=\"auto, (max-width: 400px) 100vw, 400px\" \/><\/td>\n<td style=\"width: 423px;\"><img loading=\"lazy\" decoding=\"async\" class=\"aligncenter size-large wp-image-1687\" src=\"https:\/\/gam.webs.upv.es\/wp-content\/uploads\/fig3b_Subsistemaup.png\" alt=\"\" width=\"423\" height=\"306\" srcset=\"https:\/\/gam.webs.upv.es\/wp-content\/uploads\/fig3b_Subsistemaup.png 279w, https:\/\/gam.webs.upv.es\/wp-content\/uploads\/fig3b_Subsistemaup-250x181.png 250w, https:\/\/gam.webs.upv.es\/wp-content\/uploads\/fig3b_Subsistemaup-100x72.png 100w, https:\/\/gam.webs.upv.es\/wp-content\/uploads\/fig3b_Subsistemaup-150x109.png 150w, https:\/\/gam.webs.upv.es\/wp-content\/uploads\/fig3b_Subsistemaup-200x145.png 200w\" sizes=\"auto, (max-width: 423px) 100vw, 423px\" \/><\/td>\n<\/tr>\n<tr>\n<td colspan=\"2\"><center>Subsistema que incluye convertidor de frecuencia (up-converter), amplificador de potencia de banda X y antena planar<\/center><\/td>\n<\/tr>\n<\/tbody>\n<\/table>\n<p>&nbsp;<\/p>\n<table class=\"aligncenter\" style=\"width: 823px;\" border=\"0\" align=\"center\">\n<tbody>\n<tr>\n<td style=\"width: 823px;\"><img loading=\"lazy\" decoding=\"async\" class=\"aligncenter size-large wp-image-1688\" src=\"https:\/\/gam.webs.upv.es\/wp-content\/uploads\/fig4a_filtrodoblado.png\" alt=\"\" width=\"823\" height=\"289\" srcset=\"https:\/\/gam.webs.upv.es\/wp-content\/uploads\/fig4a_filtrodoblado.png 567w, https:\/\/gam.webs.upv.es\/wp-content\/uploads\/fig4a_filtrodoblado-300x105.png 300w, https:\/\/gam.webs.upv.es\/wp-content\/uploads\/fig4a_filtrodoblado-250x88.png 250w, https:\/\/gam.webs.upv.es\/wp-content\/uploads\/fig4a_filtrodoblado-100x35.png 100w, https:\/\/gam.webs.upv.es\/wp-content\/uploads\/fig4a_filtrodoblado-150x53.png 150w, https:\/\/gam.webs.upv.es\/wp-content\/uploads\/fig4a_filtrodoblado-200x70.png 200w, https:\/\/gam.webs.upv.es\/wp-content\/uploads\/fig4a_filtrodoblado-450x158.png 450w\" sizes=\"auto, (max-width: 823px) 100vw, 823px\" \/><\/td>\n<\/tr>\n<tr>\n<td><center>Fotograf\u00edas del Filtro DSN en banda X fabricado en gu\u00eda de ondas plegado, con cavidades resonantes y de orden 7<\/center><\/td>\n<\/tr>\n<\/tbody>\n<\/table>\n<p>&nbsp;<\/p>\n<table class=\"aligncenter\" style=\"width: 823px;\" border=\"0\" align=\"center\">\n<tbody>\n<tr>\n<td style=\"width: 823px;\"><img loading=\"lazy\" decoding=\"async\" class=\"aligncenter wp-image-1690 size-full\" src=\"https:\/\/gam.webs.upv.es\/wp-content\/uploads\/figura5_interconexion.png\" alt=\"\" width=\"567\" height=\"301\" srcset=\"https:\/\/gam.webs.upv.es\/wp-content\/uploads\/figura5_interconexion.png 567w, https:\/\/gam.webs.upv.es\/wp-content\/uploads\/figura5_interconexion-300x159.png 300w, https:\/\/gam.webs.upv.es\/wp-content\/uploads\/figura5_interconexion-250x133.png 250w, https:\/\/gam.webs.upv.es\/wp-content\/uploads\/figura5_interconexion-100x53.png 100w, https:\/\/gam.webs.upv.es\/wp-content\/uploads\/figura5_interconexion-150x80.png 150w, https:\/\/gam.webs.upv.es\/wp-content\/uploads\/figura5_interconexion-200x106.png 200w, https:\/\/gam.webs.upv.es\/wp-content\/uploads\/figura5_interconexion-450x239.png 450w\" sizes=\"auto, (max-width: 567px) 100vw, 567px\" \/><\/td>\n<\/tr>\n<tr>\n<td><center>Diagrama de interconexi\u00f3n del banco de pruebas para evaluar las diferentes opciones de MODCOD disponibles<\/center><\/td>\n<\/tr>\n<\/tbody>\n<\/table>\n<p>&nbsp;<\/p>\n<p><strong>Entidad financiadora:<\/strong> Programa Comunitat Valenciana Fondo Europeo de Desarrollo Regional (FEDER) 2021-2027<\/p>\n<p>&nbsp;<\/p>\n<table class=\"aligncenter\" style=\"width: 990px;\" border=\"0\" align=\"center\">\n<tbody>\n<tr>\n<td style=\"width: 990px;\"><img loading=\"lazy\" decoding=\"async\" class=\"aligncenter wp-image-1691 size-full\" src=\"https:\/\/gam.webs.upv.es\/wp-content\/uploads\/Logo-FEDER-2025-ES.png\" alt=\"\" width=\"2167\" height=\"139\" srcset=\"https:\/\/gam.webs.upv.es\/wp-content\/uploads\/Logo-FEDER-2025-ES.png 2167w, https:\/\/gam.webs.upv.es\/wp-content\/uploads\/Logo-FEDER-2025-ES-300x19.png 300w, https:\/\/gam.webs.upv.es\/wp-content\/uploads\/Logo-FEDER-2025-ES-1024x66.png 1024w, https:\/\/gam.webs.upv.es\/wp-content\/uploads\/Logo-FEDER-2025-ES-768x49.png 768w, https:\/\/gam.webs.upv.es\/wp-content\/uploads\/Logo-FEDER-2025-ES-1536x99.png 1536w, https:\/\/gam.webs.upv.es\/wp-content\/uploads\/Logo-FEDER-2025-ES-2048x131.png 2048w, https:\/\/gam.webs.upv.es\/wp-content\/uploads\/Logo-FEDER-2025-ES-250x16.png 250w, https:\/\/gam.webs.upv.es\/wp-content\/uploads\/Logo-FEDER-2025-ES-100x6.png 100w, https:\/\/gam.webs.upv.es\/wp-content\/uploads\/Logo-FEDER-2025-ES-150x10.png 150w, https:\/\/gam.webs.upv.es\/wp-content\/uploads\/Logo-FEDER-2025-ES-200x13.png 200w, https:\/\/gam.webs.upv.es\/wp-content\/uploads\/Logo-FEDER-2025-ES-450x29.png 450w, https:\/\/gam.webs.upv.es\/wp-content\/uploads\/Logo-FEDER-2025-ES-600x38.png 600w, https:\/\/gam.webs.upv.es\/wp-content\/uploads\/Logo-FEDER-2025-ES-900x58.png 900w\" sizes=\"auto, (max-width: 2167px) 100vw, 2167px\" \/><\/td>\n<\/tr>\n<\/tbody>\n<\/table>\n<p>&nbsp;<\/p>","protected":false},"excerpt":{"rendered":"<p>T\u00edtulo del proyecto: Mini-plataforma de sat\u00e9lite de altas prestaciones computacionales para aplicaciones de inteligencia artificial en el borde (Edge AI) desde el espacio Acr\u00f3nimo: EdgeAISat Ref: INNEST\/2023\/180 Entidades participantes: I.I.U. de Telecomunicaciones y Aplicaciones Multimedia (ITEAM) de la Universidad Polit\u00e9cnica &hellip;<\/p>\n<p class=\"read-more\"> <a class=\"more-link\" href=\"https:\/\/gam.webs.upv.es\/index.php\/proyectos\/proyectos-vigentes\/mini-plataforma-de-satelite-de-altas-prestaciones-computacionales-para-aplicaciones-de-inteligencia-artificial-en-el-borde-edge-ai-desde-el-espacio\/?lang=es\"> <span class=\"screen-reader-text\">MINI-PLATAFORMA DE SAT\u00c9LITE DE ALTAS PRESTACIONES COMPUTACIONALES PARA APLICACIONES DE INTELIGENCIA ARTIFICIAL EN EL BORDE (EDGE AI) DESDE EL ESPACIO<\/span> Leer m\u00e1s \u00bb<\/a><\/p>\n","protected":false},"author":4,"featured_media":0,"parent":276,"menu_order":0,"comment_status":"closed","ping_status":"closed","template":"full-width-page.php","meta":{"footnotes":""},"class_list":["post-1591","page","type-page","status-publish","hentry"],"_links":{"self":[{"href":"https:\/\/gam.webs.upv.es\/index.php\/wp-json\/wp\/v2\/pages\/1591","targetHints":{"allow":["GET"]}}],"collection":[{"href":"https:\/\/gam.webs.upv.es\/index.php\/wp-json\/wp\/v2\/pages"}],"about":[{"href":"https:\/\/gam.webs.upv.es\/index.php\/wp-json\/wp\/v2\/types\/page"}],"author":[{"embeddable":true,"href":"https:\/\/gam.webs.upv.es\/index.php\/wp-json\/wp\/v2\/users\/4"}],"replies":[{"embeddable":true,"href":"https:\/\/gam.webs.upv.es\/index.php\/wp-json\/wp\/v2\/comments?post=1591"}],"version-history":[{"count":19,"href":"https:\/\/gam.webs.upv.es\/index.php\/wp-json\/wp\/v2\/pages\/1591\/revisions"}],"predecessor-version":[{"id":1696,"href":"https:\/\/gam.webs.upv.es\/index.php\/wp-json\/wp\/v2\/pages\/1591\/revisions\/1696"}],"up":[{"embeddable":true,"href":"https:\/\/gam.webs.upv.es\/index.php\/wp-json\/wp\/v2\/pages\/276"}],"wp:attachment":[{"href":"https:\/\/gam.webs.upv.es\/index.php\/wp-json\/wp\/v2\/media?parent=1591"}],"curies":[{"name":"wp","href":"https:\/\/api.w.org\/{rel}","templated":true}]}}